{"id":149,"date":"2021-04-30T13:46:30","date_gmt":"2021-04-30T12:46:30","guid":{"rendered":"https:\/\/jarzamecnik.cz\/?page_id=149"},"modified":"2021-05-20T08:37:41","modified_gmt":"2021-05-20T07:37:41","slug":"repertoar","status":"publish","type":"page","link":"https:\/\/jarzamecnik.cz\/?page_id=149","title":{"rendered":"Diskografie"},"content":{"rendered":"\n<h2 class=\"wp-block-heading\">CD \u201eSentido unico\u201c<\/h2>\n\n\n\n<h3 class=\"wp-block-heading\">Jarom\u00edr Z\u00e1me\u010dn\u00edk \u2013 bajan<\/h3>\n\n\n\n<figure class=\"wp-block-table is-style-stripes\"><table><thead><tr><th><\/th><th><\/th><th class=\"has-text-align-left\" data-align=\"left\"><\/th><\/tr><\/thead><tbody><tr><td>J.S.Bach\/Ferruccio Busoni<\/td><td>Chaconne d moll z Partity II., BWV 1004<\/td><td class=\"has-text-align-left\" data-align=\"left\"><br><div class=\"compact_audio_player_wrapper\"><div class=\"sc_player_container1\"><input type=\"button\" id=\"btnplay_69e3b0aa955b60.08540871\" class=\"myButton_play\" onClick=\"play_mp3('play','69e3b0aa955b60.08540871','https:\/\/jarzamecnik.cz\/wp-content\/uploads\/2021\/04\/track-nr.-01-J.-S.-Bach-Chaconne-d-moll.mp3','80','false');show_hide('play','69e3b0aa955b60.08540871');\" \/><input type=\"button\"  id=\"btnstop_69e3b0aa955b60.08540871\" style=\"display:none\" class=\"myButton_stop\" onClick=\"play_mp3('stop','69e3b0aa955b60.08540871','','80','false');show_hide('stop','69e3b0aa955b60.08540871');\" \/><div id=\"sm2-container\"><!-- flash movie ends up here --><\/div><\/div><\/div><\/td><\/tr><tr><td>D.Scarlatti\/Karl Tausig<\/td><td>Sonata E dur (Capriccio)<\/td><td class=\"has-text-align-left\" data-align=\"left\"><br><div class=\"compact_audio_player_wrapper\"><div class=\"sc_player_container1\"><input type=\"button\" id=\"btnplay_69e3b0aa9fd3e3.86415811\" class=\"myButton_play\" onClick=\"play_mp3('play','69e3b0aa9fd3e3.86415811','https:\/\/jarzamecnik.cz\/wp-content\/uploads\/2021\/04\/track-nr.-02-D.-Scarlatti-Sonata-E-dur.mp3','80','false');show_hide('play','69e3b0aa9fd3e3.86415811');\" \/><input type=\"button\"  id=\"btnstop_69e3b0aa9fd3e3.86415811\" style=\"display:none\" class=\"myButton_stop\" onClick=\"play_mp3('stop','69e3b0aa9fd3e3.86415811','','80','false');show_hide('stop','69e3b0aa9fd3e3.86415811');\" \/><div id=\"sm2-container\"><!-- flash movie ends up here --><\/div><\/div><\/div><\/td><\/tr><tr><td>D.Scarlatti\/Hans Quido von B\u00fcllow<\/td><td>Sonata G dur ( Gigue)<\/td><td class=\"has-text-align-left\" data-align=\"left\"><\/td><\/tr><tr><td>Enrico Granados<\/td><td>\u0160pan\u011blsk\u00fd tanec \u010d.5<\/td><td class=\"has-text-align-left\" data-align=\"left\"><br><div class=\"compact_audio_player_wrapper\"><div class=\"sc_player_container1\"><input type=\"button\" id=\"btnplay_69e3b0aaaab6a3.14583811\" class=\"myButton_play\" onClick=\"play_mp3('play','69e3b0aaaab6a3.14583811','https:\/\/jarzamecnik.cz\/wp-content\/uploads\/2021\/04\/track-nr.-04-E.-Granados-Spanelsky-tanec.mp3','80','false');show_hide('play','69e3b0aaaab6a3.14583811');\" \/><input type=\"button\"  id=\"btnstop_69e3b0aaaab6a3.14583811\" style=\"display:none\" class=\"myButton_stop\" onClick=\"play_mp3('stop','69e3b0aaaab6a3.14583811','','80','false');show_hide('stop','69e3b0aaaab6a3.14583811');\" \/><div id=\"sm2-container\"><!-- flash movie ends up here --><\/div><\/div><\/div><\/td><\/tr><tr><td>Hector Villa-Lobos<\/td><td>Tanec b\u00edl\u00e9ho indi\u00e1na<\/td><td class=\"has-text-align-left\" data-align=\"left\"><\/td><\/tr><tr><td>Maurycy Moszkowskij<\/td><td>Jisk\u0159i\u010dky<\/td><td class=\"has-text-align-left\" data-align=\"left\"><br><div class=\"compact_audio_player_wrapper\"><div class=\"sc_player_container1\"><input type=\"button\" id=\"btnplay_69e3b0aab61888.38893484\" class=\"myButton_play\" onClick=\"play_mp3('play','69e3b0aab61888.38893484','https:\/\/jarzamecnik.cz\/wp-content\/uploads\/2021\/04\/track-nr.-06-M.-Moszkowski-Jiskricky.mp3','80','false');show_hide('play','69e3b0aab61888.38893484');\" \/><input type=\"button\"  id=\"btnstop_69e3b0aab61888.38893484\" style=\"display:none\" class=\"myButton_stop\" onClick=\"play_mp3('stop','69e3b0aab61888.38893484','','80','false');show_hide('stop','69e3b0aab61888.38893484');\" \/><div id=\"sm2-container\"><!-- flash movie ends up here --><\/div><\/div><\/div><\/td><\/tr><tr><td>Olivier Messiaen<\/td><td>Narozen\u00ed P\u00e1n\u011b \u2013 Je\u017e\u00ed\u0161 p\u0159ij\u00edm\u00e1 utrpen\u00ed<br><br>And\u011bl\u00e9<\/td><td class=\"has-text-align-left\" data-align=\"left\"><br><div class=\"compact_audio_player_wrapper\"><div class=\"sc_player_container1\"><input type=\"button\" id=\"btnplay_69e3b0aac0b612.55070208\" class=\"myButton_play\" onClick=\"play_mp3('play','69e3b0aac0b612.55070208','https:\/\/jarzamecnik.cz\/wp-content\/uploads\/2021\/04\/track-nr.-07-O.-Messiaen-Jezis-prijima-utrpeni.mp3','80','false');show_hide('play','69e3b0aac0b612.55070208');\" \/><input type=\"button\"  id=\"btnstop_69e3b0aac0b612.55070208\" style=\"display:none\" class=\"myButton_stop\" onClick=\"play_mp3('stop','69e3b0aac0b612.55070208','','80','false');show_hide('stop','69e3b0aac0b612.55070208');\" \/><div id=\"sm2-container\"><!-- flash movie ends up here --><\/div><\/div><\/div><br><div class=\"compact_audio_player_wrapper\"><div class=\"sc_player_container1\"><input type=\"button\" id=\"btnplay_69e3b0aad31ca4.53116638\" class=\"myButton_play\" onClick=\"play_mp3('play','69e3b0aad31ca4.53116638','https:\/\/jarzamecnik.cz\/wp-content\/uploads\/2021\/04\/track-nr.-08-O.-Messiaen-Andele.mp3','80','false');show_hide('play','69e3b0aad31ca4.53116638');\" \/><input type=\"button\"  id=\"btnstop_69e3b0aad31ca4.53116638\" style=\"display:none\" class=\"myButton_stop\" onClick=\"play_mp3('stop','69e3b0aad31ca4.53116638','','80','false');show_hide('stop','69e3b0aad31ca4.53116638');\" \/><div id=\"sm2-container\"><!-- flash movie ends up here --><\/div><\/div><\/div><\/td><\/tr><tr><td>Petr Fiala<\/td><td>Toccata burletta<\/td><td class=\"has-text-align-left\" data-align=\"left\"><\/td><\/tr><tr><td>Astor Piazzolla<\/td><td>S.V.P.<br><br>Quardia nueva<br><br>Sentido unico<\/td><td class=\"has-text-align-left\" data-align=\"left\"><br><div class=\"compact_audio_player_wrapper\"><div class=\"sc_player_container1\"><input type=\"button\" id=\"btnplay_69e3b0aae0a311.28874960\" class=\"myButton_play\" onClick=\"play_mp3('play','69e3b0aae0a311.28874960','https:\/\/jarzamecnik.cz\/wp-content\/uploads\/2021\/04\/Track-Nr.-10-A.-Piazzolla-S.V.P..mp3','80','false');show_hide('play','69e3b0aae0a311.28874960');\" \/><input type=\"button\"  id=\"btnstop_69e3b0aae0a311.28874960\" style=\"display:none\" class=\"myButton_stop\" onClick=\"play_mp3('stop','69e3b0aae0a311.28874960','','80','false');show_hide('stop','69e3b0aae0a311.28874960');\" \/><div id=\"sm2-container\"><!-- flash movie ends up here --><\/div><\/div><\/div><br><div class=\"compact_audio_player_wrapper\"><div class=\"sc_player_container1\"><input type=\"button\" id=\"btnplay_69e3b0aaf17685.12602671\" class=\"myButton_play\" onClick=\"play_mp3('play','69e3b0aaf17685.12602671','https:\/\/jarzamecnik.cz\/wp-content\/uploads\/2021\/04\/Track-Nr.-11-A.-Piazzolla-Quardia-nueva.mp3','80','false');show_hide('play','69e3b0aaf17685.12602671');\" \/><input type=\"button\"  id=\"btnstop_69e3b0aaf17685.12602671\" style=\"display:none\" class=\"myButton_stop\" onClick=\"play_mp3('stop','69e3b0aaf17685.12602671','','80','false');show_hide('stop','69e3b0aaf17685.12602671');\" \/><div id=\"sm2-container\"><!-- flash movie ends up here --><\/div><\/div><\/div><br><div class=\"compact_audio_player_wrapper\"><div class=\"sc_player_container1\"><input type=\"button\" id=\"btnplay_69e3b0ab0d3281.22453422\" class=\"myButton_play\" onClick=\"play_mp3('play','69e3b0ab0d3281.22453422','https:\/\/jarzamecnik.cz\/wp-content\/uploads\/2021\/04\/Track-Nr.-12-A.-Piazzolla-Sentido-unico.mp3','80','false');show_hide('play','69e3b0ab0d3281.22453422');\" \/><input type=\"button\"  id=\"btnstop_69e3b0ab0d3281.22453422\" style=\"display:none\" class=\"myButton_stop\" onClick=\"play_mp3('stop','69e3b0ab0d3281.22453422','','80','false');show_hide('stop','69e3b0ab0d3281.22453422');\" \/><div id=\"sm2-container\"><!-- flash movie ends up here --><\/div><\/div><\/div><\/td><\/tr><tr><td>Duke Ellington<\/td><td>Parafr\u00e1ze na \u201eCaravan\u201c<\/td><td class=\"has-text-align-left\" data-align=\"left\"><br><div class=\"compact_audio_player_wrapper\"><div class=\"sc_player_container1\"><input type=\"button\" id=\"btnplay_69e3b0ab1ba678.34245095\" class=\"myButton_play\" onClick=\"play_mp3('play','69e3b0ab1ba678.34245095','https:\/\/jarzamecnik.cz\/wp-content\/uploads\/2021\/04\/Track-Nr.-13-Ellington-Caravan.mp3','80','false');show_hide('play','69e3b0ab1ba678.34245095');\" \/><input type=\"button\"  id=\"btnstop_69e3b0ab1ba678.34245095\" style=\"display:none\" class=\"myButton_stop\" onClick=\"play_mp3('stop','69e3b0ab1ba678.34245095','','80','false');show_hide('stop','69e3b0ab1ba678.34245095');\" \/><div id=\"sm2-container\"><!-- flash movie ends up here --><\/div><\/div><\/div><\/td><\/tr><tr><td>Vladim\u00edr Zubickij<\/td><td>Omaggio ad Astor Piazzolla<\/td><td class=\"has-text-align-left\" data-align=\"left\"><\/td><\/tr><\/tbody><tfoot><tr><td><\/td><td><\/td><td class=\"has-text-align-left\" data-align=\"left\"><\/td><\/tr><\/tfoot><\/table><\/figure>\n\n\n\n<h2 class=\"wp-block-heading\">CD \u201eDua Guitaccord\u201c<\/h2>\n\n\n\n<h3 class=\"wp-block-heading\">Vladislav Bl\u00e1ha \u2013 kytara, Jarom\u00edr Z\u00e1me\u010dn\u00edk \u2013 bajan<\/h3>\n\n\n\n<figure class=\"wp-block-table is-style-stripes\"><table><thead><tr><th><\/th><th><\/th><th><\/th><\/tr><\/thead><tbody><tr><td>Astor Piazzolla<\/td><td>Historie tanga \u2013 Bordel 1900<br><br>Cafe 1930<br><br>Nightclub 1960<br><br>Concert \u010fAujour\u010fhui<\/td><td><br><div class=\"compact_audio_player_wrapper\"><div class=\"sc_player_container1\"><input type=\"button\" id=\"btnplay_69e3b0ab2f3679.21998667\" class=\"myButton_play\" onClick=\"play_mp3('play','69e3b0ab2f3679.21998667','https:\/\/jarzamecnik.cz\/wp-content\/uploads\/2021\/05\/track-001-Piazzolla-Historie-tanga-Bordel-1900.wav','80','false');show_hide('play','69e3b0ab2f3679.21998667');\" \/><input type=\"button\"  id=\"btnstop_69e3b0ab2f3679.21998667\" style=\"display:none\" class=\"myButton_stop\" onClick=\"play_mp3('stop','69e3b0ab2f3679.21998667','','80','false');show_hide('stop','69e3b0ab2f3679.21998667');\" \/><div id=\"sm2-container\"><!-- flash movie ends up here --><\/div><\/div><\/div><br><div class=\"compact_audio_player_wrapper\"><div class=\"sc_player_container1\"><input type=\"button\" id=\"btnplay_69e3b0ab457656.27878396\" class=\"myButton_play\" onClick=\"play_mp3('play','69e3b0ab457656.27878396','https:\/\/jarzamecnik.cz\/wp-content\/uploads\/2021\/05\/track-002-Piazzolla-Cafe-1930.wav','80','false');show_hide('play','69e3b0ab457656.27878396');\" \/><input type=\"button\"  id=\"btnstop_69e3b0ab457656.27878396\" style=\"display:none\" class=\"myButton_stop\" onClick=\"play_mp3('stop','69e3b0ab457656.27878396','','80','false');show_hide('stop','69e3b0ab457656.27878396');\" \/><div id=\"sm2-container\"><!-- flash movie ends up here --><\/div><\/div><\/div><br><div class=\"compact_audio_player_wrapper\"><div class=\"sc_player_container1\"><input type=\"button\" id=\"btnplay_69e3b0ab56b4e3.18491025\" class=\"myButton_play\" onClick=\"play_mp3('play','69e3b0ab56b4e3.18491025','https:\/\/jarzamecnik.cz\/wp-content\/uploads\/2021\/05\/track-003-Piazzolla-Nigh-Club-1960.wav','80','false');show_hide('play','69e3b0ab56b4e3.18491025');\" \/><input type=\"button\"  id=\"btnstop_69e3b0ab56b4e3.18491025\" style=\"display:none\" class=\"myButton_stop\" onClick=\"play_mp3('stop','69e3b0ab56b4e3.18491025','','80','false');show_hide('stop','69e3b0ab56b4e3.18491025');\" \/><div id=\"sm2-container\"><!-- flash movie ends up here --><\/div><\/div><\/div><br><div class=\"compact_audio_player_wrapper\"><div class=\"sc_player_container1\"><input type=\"button\" id=\"btnplay_69e3b0ab625c72.78706564\" class=\"myButton_play\" onClick=\"play_mp3('play','69e3b0ab625c72.78706564','https:\/\/jarzamecnik.cz\/wp-content\/uploads\/2021\/05\/track-004-Piazzolla-Concert-d\u00b4Aujourd\u00b4hui.wav','80','false');show_hide('play','69e3b0ab625c72.78706564');\" \/><input type=\"button\"  id=\"btnstop_69e3b0ab625c72.78706564\" style=\"display:none\" class=\"myButton_stop\" onClick=\"play_mp3('stop','69e3b0ab625c72.78706564','','80','false');show_hide('stop','69e3b0ab625c72.78706564');\" \/><div id=\"sm2-container\"><!-- flash movie ends up here --><\/div><\/div><\/div><\/td><\/tr><tr><td>Leo\u0161 Jan\u00e1\u010dek<\/td><td>Zn\u011blka I<br><br>Zn\u011blka II<\/td><td><br><div class=\"compact_audio_player_wrapper\"><div class=\"sc_player_container1\"><input type=\"button\" id=\"btnplay_69e3b0ab6cbfe5.18554519\" class=\"myButton_play\" onClick=\"play_mp3('play','69e3b0ab6cbfe5.18554519','https:\/\/jarzamecnik.cz\/wp-content\/uploads\/2021\/05\/track-006-Janacek-Znelka-I..wav','80','false');show_hide('play','69e3b0ab6cbfe5.18554519');\" \/><input type=\"button\"  id=\"btnstop_69e3b0ab6cbfe5.18554519\" style=\"display:none\" class=\"myButton_stop\" onClick=\"play_mp3('stop','69e3b0ab6cbfe5.18554519','','80','false');show_hide('stop','69e3b0ab6cbfe5.18554519');\" \/><div id=\"sm2-container\"><!-- flash movie ends up here --><\/div><\/div><\/div><br><div class=\"compact_audio_player_wrapper\"><div class=\"sc_player_container1\"><input type=\"button\" id=\"btnplay_69e3b0ab77c7c5.25427172\" class=\"myButton_play\" onClick=\"play_mp3('play','69e3b0ab77c7c5.25427172','https:\/\/jarzamecnik.cz\/wp-content\/uploads\/2021\/05\/track-007-Janacek-Znelka-II..wav','80','false');show_hide('play','69e3b0ab77c7c5.25427172');\" \/><input type=\"button\"  id=\"btnstop_69e3b0ab77c7c5.25427172\" style=\"display:none\" class=\"myButton_stop\" onClick=\"play_mp3('stop','69e3b0ab77c7c5.25427172','','80','false');show_hide('stop','69e3b0ab77c7c5.25427172');\" \/><div id=\"sm2-container\"><!-- flash movie ends up here --><\/div><\/div><\/div><\/td><\/tr><tr><td>Milo\u0161 \u0160t\u011bdro\u0148<\/td><td>Canorum amicus<br>(Perpetuo \u2013 K\u00e1nony \u2013 Menuet-L\u00e4ndler \u2013 Perpetuo)<\/td><td><br><div class=\"compact_audio_player_wrapper\"><div class=\"sc_player_container1\"><input type=\"button\" id=\"btnplay_69e3b0ab86de77.28829906\" class=\"myButton_play\" onClick=\"play_mp3('play','69e3b0ab86de77.28829906','https:\/\/jarzamecnik.cz\/wp-content\/uploads\/2021\/05\/track-008-Stedron-Canorum-amicus-Perpetuo-I..wav','80','false');show_hide('play','69e3b0ab86de77.28829906');\" \/><input type=\"button\"  id=\"btnstop_69e3b0ab86de77.28829906\" style=\"display:none\" class=\"myButton_stop\" onClick=\"play_mp3('stop','69e3b0ab86de77.28829906','','80','false');show_hide('stop','69e3b0ab86de77.28829906');\" \/><div id=\"sm2-container\"><!-- flash movie ends up here --><\/div><\/div><\/div><br><div class=\"compact_audio_player_wrapper\"><div class=\"sc_player_container1\"><input type=\"button\" id=\"btnplay_69e3b0ab94d861.41666763\" class=\"myButton_play\" onClick=\"play_mp3('play','69e3b0ab94d861.41666763','https:\/\/jarzamecnik.cz\/wp-content\/uploads\/2021\/05\/track-009-Stedron-Canorum-amicus-Kanony.wav','80','false');show_hide('play','69e3b0ab94d861.41666763');\" \/><input type=\"button\"  id=\"btnstop_69e3b0ab94d861.41666763\" style=\"display:none\" class=\"myButton_stop\" onClick=\"play_mp3('stop','69e3b0ab94d861.41666763','','80','false');show_hide('stop','69e3b0ab94d861.41666763');\" \/><div id=\"sm2-container\"><!-- flash movie ends up here --><\/div><\/div><\/div><br><code><div class=\"compact_audio_player_wrapper\"><div class=\"sc_player_container1\"><input type=\"button\" id=\"btnplay_69e3b0aba58cd9.61976338\" class=\"myButton_play\" onClick=\"play_mp3('play','69e3b0aba58cd9.61976338','https:\/\/jarzamecnik.cz\/wp-content\/uploads\/2021\/05\/track-010-Stedron-Canorum-amicus-Menuet.wav','80','false');show_hide('play','69e3b0aba58cd9.61976338');\" \/><input type=\"button\"  id=\"btnstop_69e3b0aba58cd9.61976338\" style=\"display:none\" class=\"myButton_stop\" onClick=\"play_mp3('stop','69e3b0aba58cd9.61976338','','80','false');show_hide('stop','69e3b0aba58cd9.61976338');\" \/><div id=\"sm2-container\"><!-- flash movie ends up here --><\/div><\/div><\/div><\/code><br><div class=\"compact_audio_player_wrapper\"><div class=\"sc_player_container1\"><input type=\"button\" id=\"btnplay_69e3b0abb3f1a4.33352240\" class=\"myButton_play\" onClick=\"play_mp3('play','69e3b0abb3f1a4.33352240','https:\/\/jarzamecnik.cz\/wp-content\/uploads\/2021\/05\/track-011-Stedron-Canorum-amicus-Perpetuo-II..wav','80','false');show_hide('play','69e3b0abb3f1a4.33352240');\" \/><input type=\"button\"  id=\"btnstop_69e3b0abb3f1a4.33352240\" style=\"display:none\" class=\"myButton_stop\" onClick=\"play_mp3('stop','69e3b0abb3f1a4.33352240','','80','false');show_hide('stop','69e3b0abb3f1a4.33352240');\" \/><div id=\"sm2-container\"><!-- flash movie ends up here --><\/div><\/div><\/div><br><\/td><\/tr><tr><td>Bohuslav Martin\u016f<\/td><td>Skladby pro Poli\u010dku<br>(Star\u00e1 pise\u0148 \u2013 Pise\u0148 na staro\u0161pan\u011blsk\u00fd text \u2013 Slavnostni<br>pochod \u201eKytary\u201c)<\/td><td><br><div class=\"compact_audio_player_wrapper\"><div class=\"sc_player_container1\"><input type=\"button\" id=\"btnplay_69e3b0abbe9948.56152896\" class=\"myButton_play\" onClick=\"play_mp3('play','69e3b0abbe9948.56152896','https:\/\/jarzamecnik.cz\/wp-content\/uploads\/2021\/05\/track-012-Martinu-Skladby-pro-Policku-I.-Stara-pisen.wav','80','false');show_hide('play','69e3b0abbe9948.56152896');\" \/><input type=\"button\"  id=\"btnstop_69e3b0abbe9948.56152896\" style=\"display:none\" class=\"myButton_stop\" onClick=\"play_mp3('stop','69e3b0abbe9948.56152896','','80','false');show_hide('stop','69e3b0abbe9948.56152896');\" \/><div id=\"sm2-container\"><!-- flash movie ends up here --><\/div><\/div><\/div><br><div class=\"compact_audio_player_wrapper\"><div class=\"sc_player_container1\"><input type=\"button\" id=\"btnplay_69e3b0abc8ebb5.41611069\" class=\"myButton_play\" onClick=\"play_mp3('play','69e3b0abc8ebb5.41611069','https:\/\/jarzamecnik.cz\/wp-content\/uploads\/2021\/05\/track-013-Martinu-Skladby-pro-Pilicku-II.-Pisen-na-starospanelsky-text.wav','80','false');show_hide('play','69e3b0abc8ebb5.41611069');\" \/><input type=\"button\"  id=\"btnstop_69e3b0abc8ebb5.41611069\" style=\"display:none\" class=\"myButton_stop\" onClick=\"play_mp3('stop','69e3b0abc8ebb5.41611069','','80','false');show_hide('stop','69e3b0abc8ebb5.41611069');\" \/><div id=\"sm2-container\"><!-- flash movie ends up here --><\/div><\/div><\/div><br><div class=\"compact_audio_player_wrapper\"><div class=\"sc_player_container1\"><input type=\"button\" id=\"btnplay_69e3b0abd3be74.83802284\" class=\"myButton_play\" onClick=\"play_mp3('play','69e3b0abd3be74.83802284','https:\/\/jarzamecnik.cz\/wp-content\/uploads\/2021\/05\/track-014-Martinu-Skladby-pro-Pilicku-III.-Slavnostni-pochod-Kytary.wav','80','false');show_hide('play','69e3b0abd3be74.83802284');\" \/><input type=\"button\"  id=\"btnstop_69e3b0abd3be74.83802284\" style=\"display:none\" class=\"myButton_stop\" onClick=\"play_mp3('stop','69e3b0abd3be74.83802284','','80','false');show_hide('stop','69e3b0abd3be74.83802284');\" \/><div id=\"sm2-container\"><!-- flash movie ends up here --><\/div><\/div><\/div><br><\/td><\/tr><tr><td>Roland Dyens<\/td><td>Nebesk\u00e9 tango<\/td><td><br><div class=\"compact_audio_player_wrapper\"><div class=\"sc_player_container1\"><input type=\"button\" id=\"btnplay_69e3b0abddb550.85152750\" class=\"myButton_play\" onClick=\"play_mp3('play','69e3b0abddb550.85152750','https:\/\/jarzamecnik.cz\/wp-content\/uploads\/2021\/05\/track-015-Dyens-Tango-en-skai.wav','80','false');show_hide('play','69e3b0abddb550.85152750');\" \/><input type=\"button\"  id=\"btnstop_69e3b0abddb550.85152750\" style=\"display:none\" class=\"myButton_stop\" onClick=\"play_mp3('stop','69e3b0abddb550.85152750','','80','false');show_hide('stop','69e3b0abddb550.85152750');\" \/><div id=\"sm2-container\"><!-- flash movie ends up here --><\/div><\/div><\/div><\/td><\/tr><tr><td>Rex Willis<\/td><td>Suite Sound America<br>(Pomposo \u2013 Tranquilo amoroso \u2013 Allegro animato)<\/td><td><br><div class=\"compact_audio_player_wrapper\"><div class=\"sc_player_container1\"><input type=\"button\" id=\"btnplay_69e3b0abe980a8.98764467\" class=\"myButton_play\" onClick=\"play_mp3('play','69e3b0abe980a8.98764467','https:\/\/jarzamecnik.cz\/wp-content\/uploads\/2021\/05\/track-016-Willis-Suite-South-America-I.-Pomposo.wav','80','false');show_hide('play','69e3b0abe980a8.98764467');\" \/><input type=\"button\"  id=\"btnstop_69e3b0abe980a8.98764467\" style=\"display:none\" class=\"myButton_stop\" onClick=\"play_mp3('stop','69e3b0abe980a8.98764467','','80','false');show_hide('stop','69e3b0abe980a8.98764467');\" \/><div id=\"sm2-container\"><!-- flash movie ends up here --><\/div><\/div><\/div><br><div class=\"compact_audio_player_wrapper\"><div class=\"sc_player_container1\"><input type=\"button\" id=\"btnplay_69e3b0ac025ad2.37639304\" class=\"myButton_play\" onClick=\"play_mp3('play','69e3b0ac025ad2.37639304','https:\/\/jarzamecnik.cz\/wp-content\/uploads\/2021\/05\/track-017-Willis-Suite-South-America-II.-Trancuillo-amoroso.wav','80','false');show_hide('play','69e3b0ac025ad2.37639304');\" \/><input type=\"button\"  id=\"btnstop_69e3b0ac025ad2.37639304\" style=\"display:none\" class=\"myButton_stop\" onClick=\"play_mp3('stop','69e3b0ac025ad2.37639304','','80','false');show_hide('stop','69e3b0ac025ad2.37639304');\" \/><div id=\"sm2-container\"><!-- flash movie ends up here --><\/div><\/div><\/div><br><div class=\"compact_audio_player_wrapper\"><div class=\"sc_player_container1\"><input type=\"button\" id=\"btnplay_69e3b0ac0d3345.91534234\" class=\"myButton_play\" onClick=\"play_mp3('play','69e3b0ac0d3345.91534234','https:\/\/jarzamecnik.cz\/wp-content\/uploads\/2021\/05\/track-018-Willis-Suite-South-America-III.-Allegro-animato.wav','80','false');show_hide('play','69e3b0ac0d3345.91534234');\" \/><input type=\"button\"  id=\"btnstop_69e3b0ac0d3345.91534234\" style=\"display:none\" class=\"myButton_stop\" onClick=\"play_mp3('stop','69e3b0ac0d3345.91534234','','80','false');show_hide('stop','69e3b0ac0d3345.91534234');\" \/><div id=\"sm2-container\"><!-- flash movie ends up here --><\/div><\/div><\/div><br><\/td><\/tr><tr><td>Astor Piazzolla<\/td><td>Libertango<\/td><td><br><div class=\"compact_audio_player_wrapper\"><div class=\"sc_player_container1\"><input type=\"button\" id=\"btnplay_69e3b0ac18c560.01319788\" class=\"myButton_play\" onClick=\"play_mp3('play','69e3b0ac18c560.01319788','https:\/\/jarzamecnik.cz\/wp-content\/uploads\/2021\/05\/track-019-Piazzolla-Libertango.wav','80','false');show_hide('play','69e3b0ac18c560.01319788');\" \/><input type=\"button\"  id=\"btnstop_69e3b0ac18c560.01319788\" style=\"display:none\" class=\"myButton_stop\" onClick=\"play_mp3('stop','69e3b0ac18c560.01319788','','80','false');show_hide('stop','69e3b0ac18c560.01319788');\" \/><div id=\"sm2-container\"><!-- flash movie ends up here --><\/div><\/div><\/div><\/td><\/tr><tr><td>Milan Tesa\u0159<\/td><td>Sonet<\/td><td><br><div class=\"compact_audio_player_wrapper\"><div class=\"sc_player_container1\"><input type=\"button\" id=\"btnplay_69e3b0ac22f246.83294926\" class=\"myButton_play\" onClick=\"play_mp3('play','69e3b0ac22f246.83294926','https:\/\/jarzamecnik.cz\/wp-content\/uploads\/2021\/05\/track-020-Tesar-Sonet.wav','80','false');show_hide('play','69e3b0ac22f246.83294926');\" \/><input type=\"button\"  id=\"btnstop_69e3b0ac22f246.83294926\" style=\"display:none\" class=\"myButton_stop\" onClick=\"play_mp3('stop','69e3b0ac22f246.83294926','','80','false');show_hide('stop','69e3b0ac22f246.83294926');\" \/><div id=\"sm2-container\"><!-- flash movie ends up here --><\/div><\/div><\/div><\/td><\/tr><\/tbody><\/table><\/figure>\n","protected":false},"excerpt":{"rendered":"<p>CD \u201eSentido unico\u201c Jarom\u00edr Z\u00e1me\u010dn\u00edk \u2013 bajan J.S.Bach\/Ferruccio Busoni Chaconne d moll z Partity II., BWV 1004 D.Scarlatti\/Karl Tausig Sonata E dur (Capriccio) D.Scarlatti\/Hans Quido von B\u00fcllow Sonata G dur ( Gigue) Enrico Granados \u0160pan\u011blsk\u00fd tanec \u010d.5 Hector Villa-Lobos Tanec b\u00edl\u00e9ho indi\u00e1na Maurycy Moszkowskij Jisk\u0159i\u010dky Olivier Messiaen Narozen\u00ed P\u00e1n\u011b \u2013 Je\u017e\u00ed\u0161 p\u0159ij\u00edm\u00e1 utrpen\u00ed And\u011bl\u00e9 Petr &hellip; <\/p>\n","protected":false},"author":1,"featured_media":0,"parent":0,"menu_order":0,"comment_status":"closed","ping_status":"closed","template":"","meta":{"footnotes":""},"class_list":["post-149","page","type-page","status-publish","hentry"],"_links":{"self":[{"href":"https:\/\/jarzamecnik.cz\/index.php?rest_route=\/wp\/v2\/pages\/149","targetHints":{"allow":["GET"]}}],"collection":[{"href":"https:\/\/jarzamecnik.cz\/index.php?rest_route=\/wp\/v2\/pages"}],"about":[{"href":"https:\/\/jarzamecnik.cz\/index.php?rest_route=\/wp\/v2\/types\/page"}],"author":[{"embeddable":true,"href":"https:\/\/jarzamecnik.cz\/index.php?rest_route=\/wp\/v2\/users\/1"}],"replies":[{"embeddable":true,"href":"https:\/\/jarzamecnik.cz\/index.php?rest_route=%2Fwp%2Fv2%2Fcomments&post=149"}],"version-history":[{"count":48,"href":"https:\/\/jarzamecnik.cz\/index.php?rest_route=\/wp\/v2\/pages\/149\/revisions"}],"predecessor-version":[{"id":326,"href":"https:\/\/jarzamecnik.cz\/index.php?rest_route=\/wp\/v2\/pages\/149\/revisions\/326"}],"wp:attachment":[{"href":"https:\/\/jarzamecnik.cz\/index.php?rest_route=%2Fwp%2Fv2%2Fmedia&parent=149"}],"curies":[{"name":"wp","href":"https:\/\/api.w.org\/{rel}","templated":true}]}}