{"id":147,"date":"2021-04-30T13:49:37","date_gmt":"2021-04-30T12:49:37","guid":{"rendered":"https:\/\/jarzamecnik.cz\/?page_id=147"},"modified":"2021-05-18T11:36:31","modified_gmt":"2021-05-18T10:36:31","slug":"soucasny-solovy-repertoar","status":"publish","type":"page","link":"https:\/\/jarzamecnik.cz\/?page_id=147","title":{"rendered":"Recit\u00e1l s\u00f3lo"},"content":{"rendered":"\n<p>S\u00f3lov\u00fd reperto\u00e1r je zam\u011b\u0159en v men\u0161\u00ed m\u00ed\u0159e na transkribovanou literaturu a d\u00e1le na hudbu psanou p\u0159\u00edmo pro akordeon nebo bajan. Je vystav\u011bn od skladeb s polyfonn\u00edm veden\u00edm hlas\u016f, p\u0159es postromantick\u00e9 skladby, son\u00e1tov\u00e9 kompozice, programn\u00ed hudbu, parafr\u00e1ze na zn\u00e1m\u00e1 t\u00e9mata, synt\u00e9zu lidov\u00e9, jazzov\u00e9, n\u00e1rodn\u00ed a klasick\u00e9 hudby v tangu nuevu a\u017e ke zvukomalebn\u00fdm skladb\u00e1m a virtu\u00f3zn\u00edm kompozic\u00edm.<\/p>\n\n\n\n<div class=\"wp-block-columns is-layout-flex wp-container-core-columns-is-layout-9d6595d7 wp-block-columns-is-layout-flex\">\n<div class=\"wp-block-column is-layout-flow wp-block-column-is-layout-flow\" style=\"flex-basis:100%\">\n<figure class=\"wp-block-table is-style-stripes\"><table><tbody><tr><td>J. S. Bach<\/td><td>Preludium a fuga E dur BWV 854 DTK se\u0161. 1<br>Preludium a fuga c moll BWV 847 DTK se\u0161. 1<\/td><\/tr><tr><td>J. S. Bach<\/td><td>Chor\u00e1l z Kant\u00e1ty BWV 147<\/td><\/tr><tr><td>anonym \/ arr. J. Z\u00e1me\u010dn\u00edk<\/td><td>Dva renesan\u010dn\u00ed tance (Canarios &#8211; Green sleeves)<\/td><\/tr><tr><td>Gottlieb Muffat<\/td><td>Suita \u010d. 4 (Air \u2013 Menuet \u2013 Gigue)<\/td><\/tr><tr><td>Joseph Haydn<\/td><td>Fl\u0151tenuhr (v\u00fdb\u011br)<\/td><\/tr><tr><td>Franti\u0161ek Bro\u017e<\/td><td>Chromatick\u00e9 variace<\/td><\/tr><tr><td>Petr Fiala<\/td><td>Balada<\/td><\/tr><tr><td>Alexandr Pu\u0161karenko<\/td><td>Skify XX. stolet\u00ed<\/td><\/tr><tr><td>Borgdan Precz<\/td><td>Preambule a Toccata<\/td><\/tr><tr><td>Astor Piazzolla<\/td><td>Libertango<br>Pedro y Pedro<br>Sentido unico<\/td><\/tr><tr><td>Jevgenij D\u011brb\u011bnko<\/td><td>Toccata<\/td><\/tr><tr><td>Vja\u010deslav Semjonov<\/td><td>Bulharsk\u00e1 suita (Daj\u010dovo horo \u2013 Sevdana \u2013 Gajkino horo)<\/td><\/tr><tr><td>Yann Tiersen<\/td><td>La Valse D\u00b4Amelie<br>La noy\u00e9e<\/td><\/tr><tr><td>Badelt\/Radnisch\/arr. J. Z\u00e1me\u010dn\u00edk<\/td><td>Pir\u00e1ti z Karibiku<\/td><\/tr><tr><td>Jaroslav Je\u017eek<\/td><td><a href=\"https:\/\/www.youtube.com\/watch?v=pHUMibxiwI0\">Bugatti step<\/a><\/td><\/tr><tr><td>Michal Ko\u0161ut<\/td><td>Invence pro akordeon (1986 v\u011bnov\u00e1no Jarom\u00edru Z\u00e1me\u010dn\u00edkovi)<\/td><\/tr><tr><td>Bohuslav \u0158eho\u0159<\/td><td>Dv\u011b kapitoly pro akordeon (1989 v\u011bnov\u00e1no Jarom\u00edru Z\u00e1me\u010dn\u00edkovi)<\/td><\/tr><tr><td>Jan Meisl<\/td><td>Variace na lidovou p\u00edse\u0148 (2021 v\u011bnov\u00e1no Jarom\u00edru Z\u00e1me\u010dn\u00edkovi)<\/td><\/tr><tr><td>Claude Thomain<\/td><td>Sweeting waltz<\/td><\/tr><tr><td>Johann Strauss jr.<\/td><td>Tritsch-tratsch<\/td><\/tr><\/tbody><\/table><\/figure>\n\n\n\n<p><\/p>\n<\/div>\n<\/div>\n","protected":false},"excerpt":{"rendered":"<p>S\u00f3lov\u00fd reperto\u00e1r je zam\u011b\u0159en v men\u0161\u00ed m\u00ed\u0159e na transkribovanou literaturu a d\u00e1le na hudbu psanou p\u0159\u00edmo pro akordeon nebo bajan. Je vystav\u011bn od skladeb s polyfonn\u00edm veden\u00edm hlas\u016f, p\u0159es postromantick\u00e9 skladby, son\u00e1tov\u00e9 kompozice, programn\u00ed hudbu, parafr\u00e1ze na zn\u00e1m\u00e1 t\u00e9mata, synt\u00e9zu lidov\u00e9, jazzov\u00e9, n\u00e1rodn\u00ed a klasick\u00e9 hudby v tangu nuevu a\u017e ke zvukomalebn\u00fdm skladb\u00e1m a virtu\u00f3zn\u00edm &hellip; <\/p>\n","protected":false},"author":1,"featured_media":0,"parent":0,"menu_order":0,"comment_status":"closed","ping_status":"closed","template":"","meta":{"footnotes":""},"class_list":["post-147","page","type-page","status-publish","hentry"],"_links":{"self":[{"href":"https:\/\/jarzamecnik.cz\/index.php?rest_route=\/wp\/v2\/pages\/147","targetHints":{"allow":["GET"]}}],"collection":[{"href":"https:\/\/jarzamecnik.cz\/index.php?rest_route=\/wp\/v2\/pages"}],"about":[{"href":"https:\/\/jarzamecnik.cz\/index.php?rest_route=\/wp\/v2\/types\/page"}],"author":[{"embeddable":true,"href":"https:\/\/jarzamecnik.cz\/index.php?rest_route=\/wp\/v2\/users\/1"}],"replies":[{"embeddable":true,"href":"https:\/\/jarzamecnik.cz\/index.php?rest_route=%2Fwp%2Fv2%2Fcomments&post=147"}],"version-history":[{"count":8,"href":"https:\/\/jarzamecnik.cz\/index.php?rest_route=\/wp\/v2\/pages\/147\/revisions"}],"predecessor-version":[{"id":229,"href":"https:\/\/jarzamecnik.cz\/index.php?rest_route=\/wp\/v2\/pages\/147\/revisions\/229"}],"wp:attachment":[{"href":"https:\/\/jarzamecnik.cz\/index.php?rest_route=%2Fwp%2Fv2%2Fmedia&parent=147"}],"curies":[{"name":"wp","href":"https:\/\/api.w.org\/{rel}","templated":true}]}}